{"id":2,"date":"2019-03-17T20:23:24","date_gmt":"2019-03-17T19:23:24","guid":{"rendered":"https:\/\/plateaulachaud.fr\/?page_id=2"},"modified":"2019-05-01T14:07:41","modified_gmt":"2019-05-01T12:07:41","slug":"accueil","status":"publish","type":"page","link":"https:\/\/plateaulachaud.fr\/index.php\/accueil\/","title":{"rendered":"NON A UNE NOUVELLE CARRI\u00c8RE !"},"content":{"rendered":"<p><span style=\"font-weight: 400;\">Apr\u00e8s 110 ans d&rsquo;exploitation et d&rsquo;\u00e9puisement de la ressource, les carriers convoitent un <\/span><b>autre site \u00e0 Ch\u00e2teaugay<\/b><span style=\"font-weight: 400;\">.<\/span><\/p>\n<p><span style=\"font-weight: 400;\">Nous avons choisi de vivre dans notre joli village de vignerons pour sa qualit\u00e9 de vie, sa tranquillit\u00e9.<\/span><\/p>\n<p><span style=\"font-weight: 400;\">Ce projet industriel sur le plateau de Lachaud sera encore plus <\/span><b>proche <\/b><span style=\"font-weight: 400;\">de nos habitations, encore plus <\/span><b>grand<\/b><span style=\"font-weight: 400;\">, plus <\/span><b>actif <\/b><span style=\"font-weight: 400;\">et pour minimum <\/span><b>30 ans<\/b><span style=\"font-weight: 400;\">.<\/span><\/p>\n<p><span style=\"font-weight: 400;\">Ce projet va bouleverser nos vies et celles de nos enfants\u00a0:<\/span><\/p>\n<ul>\n<li style=\"font-weight: 400;\"><span style=\"font-weight: 400;\">Des <\/span><b>poussi\u00e8res et particules nocives<\/b><\/li>\n<li style=\"font-weight: 400;\"><span style=\"font-weight: 400;\">Une <\/span><b>baisse estim\u00e9e de 30 % de votre patrimoine immobilier<\/b><\/li>\n<li style=\"font-weight: 400;\"><span style=\"font-weight: 400;\">De <\/span><b>fortes nuisances sonores<\/b><span style=\"font-weight: 400;\"> et <\/span><b>vibrations <\/b><span style=\"font-weight: 400;\">: engins, tirs de mines, concasseurs<\/span><\/li>\n<li style=\"font-weight: 400;\"><span style=\"font-weight: 400;\">De <\/span><b>l\u2019ins\u00e9curit\u00e9 et de la<\/b> <b>pollution routi\u00e8re<\/b><span style=\"font-weight: 400;\"> : jusqu\u2019\u00e0 150 camions par jour<\/span><\/li>\n<li style=\"font-weight: 400;\"><span style=\"font-weight: 400;\">Un <\/span><b>impact s\u00e9v\u00e8re<\/b><span style=\"font-weight: 400;\"> sur le plan <\/span><b>\u00e9cologique <\/b><span style=\"font-weight: 400;\">et <\/span><b>hydrologique<\/b><\/li>\n<li style=\"font-weight: 400;\"><span style=\"font-weight: 400;\">Une <\/span><b>destruction paysag\u00e8re<\/b><span style=\"font-weight: 400;\"> sur plusieurs <\/span><b>dizaines d\u2019hectares<\/b><\/li>\n<\/ul>\n<p><b>Pour couronner le tout : un risque d\u2019implantation d\u2019une centrale \u00e0 enrob\u00e9 !<\/b><\/p>\n<p>&nbsp;<\/p>\n<p style=\"text-align: center;\"><span style=\"font-weight: 400;\">Si ce projet vous <\/span><b>INQUI\u00c8TE <\/b><\/p>\n<p style=\"text-align: center;\"><span style=\"font-weight: 400;\">c\u2019est <\/span><b>MAINTENANT <\/b><span style=\"font-weight: 400;\">qu\u2019il faut <\/span><b>AGIR.<\/b><\/p>\n<p style=\"text-align: center;\"><span style=\"font-weight: 400;\">Rejoignez l\u2019association :<\/span><\/p>\n<p style=\"text-align: center;\"><b>\u201cPr\u00e9servons le plateau de Lachaud et Ch\u00e2teaugay\u201d<\/b><\/p>\n<p style=\"text-align: center;\"><span style=\"font-weight: 400;\">Contactez nous : <\/span><a href=\"mailto:plateaulachaud@gmail.com\"><span style=\"font-weight: 400;\">plateaulachaud@gmail.com<\/span><\/a><\/p>\n<p>Tous les d\u00e9tails pour faire partie de notre association ou nous soutenir :\u00a0<a href=\"https:\/\/plateaulachaud.fr\/index.php\/2019\/03\/17\/nous-rejoindre\/\" target=\"_blank\" rel=\"noopener\">Nous rejoindre !<\/a><\/p>\n<p>Parcourez notre site, avec ses diff\u00e9rentes rubriques (ou utilisez le menu en haut \u00e0 droite sur les mobiles, \u00e0 gauche sur votre ordinateur ou tablette) :<\/p>\n<ul>\n<li><a href=\"\/index.php\/qui-sommes-nous\/\">L&rsquo;association<\/a><\/li>\n<li><a href=\"\/index.php\/pourquoi-vont-ils-echouer\/\">Le projet<\/a><\/li>\n<li><a href=\"\/index.php\/category\/soutien\/\">Nos actions<\/a><\/li>\n<\/ul>\n<p>T\u00e9l\u00e9chargez notre tract : <a href=\"https:\/\/plateaulachaud.fr\/wp-content\/uploads\/2019\/03\/NON-A-UNE-NOUVELLE-CARRIERE.pdf\" target=\"_blank\" rel=\"noopener\">NON A UNE NOUVELLE CARRI\u00c8RE<\/a>. Et n&rsquo;h\u00e9sitez pas \u00e0 partager largement l&rsquo;information.<\/p>\n","protected":false},"excerpt":{"rendered":"<p>Apr\u00e8s 110 ans d&rsquo;exploitation et d&rsquo;\u00e9puisement de la ressource, les carriers convoitent un autre site \u00e0 Ch\u00e2teaugay. Nous avons choisi de vivre dans notre joli village de vignerons pour sa qualit\u00e9 de vie, sa tranquillit\u00e9. Ce projet industriel sur le plateau de Lachaud sera encore plus proche de nos habitations, encore plus grand, plus actif et pour minimum 30 ans. Ce projet va bouleverser nos vies et celles de nos enfants\u00a0: Des poussi\u00e8res et particules nocives Une baisse estim\u00e9e de&#8230;<\/p>\n<p class=\"read-more\"><a class=\"btn btn-default\" href=\"https:\/\/plateaulachaud.fr\/index.php\/accueil\/\">Lire la suite<span class=\"screen-reader-text\"> Lire la suite<\/span><\/a><\/p>\n","protected":false},"author":1,"featured_media":14,"parent":0,"menu_order":0,"comment_status":"closed","ping_status":"open","template":"","meta":{"footnotes":""},"class_list":["post-2","page","type-page","status-publish","has-post-thumbnail","hentry"],"yoast_head":"<!-- This site is optimized with the Yoast SEO plugin v27.4 - https:\/\/yoast.com\/product\/yoast-seo-wordpress\/ -->\n<title>NON A UNE NOUVELLE CARRI\u00c8RE ! - Pr\u00e9servons le plateau de Lachaud et Ch\u00e2teaugay<\/title>\n<meta name=\"robots\" content=\"index, follow, max-snippet:-1, max-image-preview:large, max-video-preview:-1\" \/>\n<link rel=\"canonical\" href=\"https:\/\/plateaulachaud.fr\/index.php\/accueil\/\" \/>\n<meta property=\"og:locale\" content=\"fr_FR\" \/>\n<meta property=\"og:type\" content=\"article\" \/>\n<meta property=\"og:title\" content=\"NON A UNE NOUVELLE CARRI\u00c8RE ! - Pr\u00e9servons le plateau de Lachaud et Ch\u00e2teaugay\" \/>\n<meta property=\"og:description\" content=\"Apr\u00e8s 110 ans d&rsquo;exploitation et d&rsquo;\u00e9puisement de la ressource, les carriers convoitent un autre site \u00e0 Ch\u00e2teaugay. Nous avons choisi de vivre dans notre joli village de vignerons pour sa qualit\u00e9 de vie, sa tranquillit\u00e9. Ce projet industriel sur le plateau de Lachaud sera encore plus proche de nos habitations, encore plus grand, plus actif et pour minimum 30 ans. Ce projet va bouleverser nos vies et celles de nos enfants\u00a0: Des poussi\u00e8res et particules nocives Une baisse estim\u00e9e de...Lire la suite Lire la suite\" \/>\n<meta property=\"og:url\" content=\"https:\/\/plateaulachaud.fr\/index.php\/accueil\/\" \/>\n<meta property=\"og:site_name\" content=\"Pr\u00e9servons le plateau de Lachaud et Ch\u00e2teaugay\" \/>\n<meta property=\"article:modified_time\" content=\"2019-05-01T12:07:41+00:00\" \/>\n<meta property=\"og:image\" content=\"https:\/\/plateaulachaud.fr\/wp-content\/uploads\/2019\/03\/Autour-de-la-maison-6-1024x576.jpg\" \/>\n\t<meta property=\"og:image:width\" content=\"1024\" \/>\n\t<meta property=\"og:image:height\" content=\"576\" \/>\n\t<meta property=\"og:image:type\" content=\"image\/jpeg\" \/>\n<meta name=\"twitter:card\" content=\"summary_large_image\" \/>\n<meta name=\"twitter:label1\" content=\"Dur\u00e9e de lecture estim\u00e9e\" \/>\n\t<meta name=\"twitter:data1\" content=\"1 minute\" \/>\n<script type=\"application\/ld+json\" class=\"yoast-schema-graph\">{\"@context\":\"https:\\\/\\\/schema.org\",\"@graph\":[{\"@type\":\"WebPage\",\"@id\":\"https:\\\/\\\/plateaulachaud.fr\\\/index.php\\\/accueil\\\/\",\"url\":\"https:\\\/\\\/plateaulachaud.fr\\\/index.php\\\/accueil\\\/\",\"name\":\"NON A UNE NOUVELLE CARRI\u00c8RE ! - Pr\u00e9servons le plateau de Lachaud et Ch\u00e2teaugay\",\"isPartOf\":{\"@id\":\"https:\\\/\\\/plateaulachaud.fr\\\/#website\"},\"primaryImageOfPage\":{\"@id\":\"https:\\\/\\\/plateaulachaud.fr\\\/index.php\\\/accueil\\\/#primaryimage\"},\"image\":{\"@id\":\"https:\\\/\\\/plateaulachaud.fr\\\/index.php\\\/accueil\\\/#primaryimage\"},\"thumbnailUrl\":\"https:\\\/\\\/i0.wp.com\\\/plateaulachaud.fr\\\/wp-content\\\/uploads\\\/2019\\\/03\\\/Autour-de-la-maison-6.jpg?fit=4608%2C2592&ssl=1\",\"datePublished\":\"2019-03-17T19:23:24+00:00\",\"dateModified\":\"2019-05-01T12:07:41+00:00\",\"breadcrumb\":{\"@id\":\"https:\\\/\\\/plateaulachaud.fr\\\/index.php\\\/accueil\\\/#breadcrumb\"},\"inLanguage\":\"fr-FR\",\"potentialAction\":[{\"@type\":\"ReadAction\",\"target\":[\"https:\\\/\\\/plateaulachaud.fr\\\/index.php\\\/accueil\\\/\"]}]},{\"@type\":\"ImageObject\",\"inLanguage\":\"fr-FR\",\"@id\":\"https:\\\/\\\/plateaulachaud.fr\\\/index.php\\\/accueil\\\/#primaryimage\",\"url\":\"https:\\\/\\\/i0.wp.com\\\/plateaulachaud.fr\\\/wp-content\\\/uploads\\\/2019\\\/03\\\/Autour-de-la-maison-6.jpg?fit=4608%2C2592&ssl=1\",\"contentUrl\":\"https:\\\/\\\/i0.wp.com\\\/plateaulachaud.fr\\\/wp-content\\\/uploads\\\/2019\\\/03\\\/Autour-de-la-maison-6.jpg?fit=4608%2C2592&ssl=1\",\"width\":4608,\"height\":2592,\"caption\":\"Le plateau Lachaud en hiver, Ch\u00e2teaugay 63119\"},{\"@type\":\"BreadcrumbList\",\"@id\":\"https:\\\/\\\/plateaulachaud.fr\\\/index.php\\\/accueil\\\/#breadcrumb\",\"itemListElement\":[{\"@type\":\"ListItem\",\"position\":1,\"name\":\"Accueil\",\"item\":\"https:\\\/\\\/plateaulachaud.fr\\\/\"},{\"@type\":\"ListItem\",\"position\":2,\"name\":\"NON A UNE NOUVELLE CARRI\u00c8RE !\"}]},{\"@type\":\"WebSite\",\"@id\":\"https:\\\/\\\/plateaulachaud.fr\\\/#website\",\"url\":\"https:\\\/\\\/plateaulachaud.fr\\\/\",\"name\":\"Pr\u00e9servons le plateau de Lachaud et Ch\u00e2teaugay\",\"description\":\"Non \u00e0 une nouvelle carri\u00e8re.\",\"publisher\":{\"@id\":\"https:\\\/\\\/plateaulachaud.fr\\\/#organization\"},\"potentialAction\":[{\"@type\":\"SearchAction\",\"target\":{\"@type\":\"EntryPoint\",\"urlTemplate\":\"https:\\\/\\\/plateaulachaud.fr\\\/?s={search_term_string}\"},\"query-input\":{\"@type\":\"PropertyValueSpecification\",\"valueRequired\":true,\"valueName\":\"search_term_string\"}}],\"inLanguage\":\"fr-FR\"},{\"@type\":\"Organization\",\"@id\":\"https:\\\/\\\/plateaulachaud.fr\\\/#organization\",\"name\":\"Pr\u00e9servons le Plateau de Lachaud et Ch\u00e2teaugay\",\"url\":\"https:\\\/\\\/plateaulachaud.fr\\\/\",\"logo\":{\"@type\":\"ImageObject\",\"inLanguage\":\"fr-FR\",\"@id\":\"https:\\\/\\\/plateaulachaud.fr\\\/#\\\/schema\\\/logo\\\/image\\\/\",\"url\":\"https:\\\/\\\/i2.wp.com\\\/plateaulachaud.fr\\\/wp-content\\\/uploads\\\/2019\\\/09\\\/Plateau-arc-en-ciel-PANO.jpg?fit=6235%2C1606&ssl=1\",\"contentUrl\":\"https:\\\/\\\/i2.wp.com\\\/plateaulachaud.fr\\\/wp-content\\\/uploads\\\/2019\\\/09\\\/Plateau-arc-en-ciel-PANO.jpg?fit=6235%2C1606&ssl=1\",\"width\":6235,\"height\":1606,\"caption\":\"Pr\u00e9servons le Plateau de Lachaud et Ch\u00e2teaugay\"},\"image\":{\"@id\":\"https:\\\/\\\/plateaulachaud.fr\\\/#\\\/schema\\\/logo\\\/image\\\/\"}}]}<\/script>\n<!-- \/ Yoast SEO plugin. -->","yoast_head_json":{"title":"NON A UNE NOUVELLE CARRI\u00c8RE ! - Pr\u00e9servons le plateau de Lachaud et Ch\u00e2teaugay","robots":{"index":"index","follow":"follow","max-snippet":"max-snippet:-1","max-image-preview":"max-image-preview:large","max-video-preview":"max-video-preview:-1"},"canonical":"https:\/\/plateaulachaud.fr\/index.php\/accueil\/","og_locale":"fr_FR","og_type":"article","og_title":"NON A UNE NOUVELLE CARRI\u00c8RE ! - Pr\u00e9servons le plateau de Lachaud et Ch\u00e2teaugay","og_description":"Apr\u00e8s 110 ans d&rsquo;exploitation et d&rsquo;\u00e9puisement de la ressource, les carriers convoitent un autre site \u00e0 Ch\u00e2teaugay. Nous avons choisi de vivre dans notre joli village de vignerons pour sa qualit\u00e9 de vie, sa tranquillit\u00e9. Ce projet industriel sur le plateau de Lachaud sera encore plus proche de nos habitations, encore plus grand, plus actif et pour minimum 30 ans. Ce projet va bouleverser nos vies et celles de nos enfants\u00a0: Des poussi\u00e8res et particules nocives Une baisse estim\u00e9e de...Lire la suite Lire la suite","og_url":"https:\/\/plateaulachaud.fr\/index.php\/accueil\/","og_site_name":"Pr\u00e9servons le plateau de Lachaud et Ch\u00e2teaugay","article_modified_time":"2019-05-01T12:07:41+00:00","og_image":[{"width":1024,"height":576,"url":"https:\/\/plateaulachaud.fr\/wp-content\/uploads\/2019\/03\/Autour-de-la-maison-6-1024x576.jpg","type":"image\/jpeg"}],"twitter_card":"summary_large_image","twitter_misc":{"Dur\u00e9e de lecture estim\u00e9e":"1 minute"},"schema":{"@context":"https:\/\/schema.org","@graph":[{"@type":"WebPage","@id":"https:\/\/plateaulachaud.fr\/index.php\/accueil\/","url":"https:\/\/plateaulachaud.fr\/index.php\/accueil\/","name":"NON A UNE NOUVELLE CARRI\u00c8RE ! - Pr\u00e9servons le plateau de Lachaud et Ch\u00e2teaugay","isPartOf":{"@id":"https:\/\/plateaulachaud.fr\/#website"},"primaryImageOfPage":{"@id":"https:\/\/plateaulachaud.fr\/index.php\/accueil\/#primaryimage"},"image":{"@id":"https:\/\/plateaulachaud.fr\/index.php\/accueil\/#primaryimage"},"thumbnailUrl":"https:\/\/i0.wp.com\/plateaulachaud.fr\/wp-content\/uploads\/2019\/03\/Autour-de-la-maison-6.jpg?fit=4608%2C2592&ssl=1","datePublished":"2019-03-17T19:23:24+00:00","dateModified":"2019-05-01T12:07:41+00:00","breadcrumb":{"@id":"https:\/\/plateaulachaud.fr\/index.php\/accueil\/#breadcrumb"},"inLanguage":"fr-FR","potentialAction":[{"@type":"ReadAction","target":["https:\/\/plateaulachaud.fr\/index.php\/accueil\/"]}]},{"@type":"ImageObject","inLanguage":"fr-FR","@id":"https:\/\/plateaulachaud.fr\/index.php\/accueil\/#primaryimage","url":"https:\/\/i0.wp.com\/plateaulachaud.fr\/wp-content\/uploads\/2019\/03\/Autour-de-la-maison-6.jpg?fit=4608%2C2592&ssl=1","contentUrl":"https:\/\/i0.wp.com\/plateaulachaud.fr\/wp-content\/uploads\/2019\/03\/Autour-de-la-maison-6.jpg?fit=4608%2C2592&ssl=1","width":4608,"height":2592,"caption":"Le plateau Lachaud en hiver, Ch\u00e2teaugay 63119"},{"@type":"BreadcrumbList","@id":"https:\/\/plateaulachaud.fr\/index.php\/accueil\/#breadcrumb","itemListElement":[{"@type":"ListItem","position":1,"name":"Accueil","item":"https:\/\/plateaulachaud.fr\/"},{"@type":"ListItem","position":2,"name":"NON A UNE NOUVELLE CARRI\u00c8RE !"}]},{"@type":"WebSite","@id":"https:\/\/plateaulachaud.fr\/#website","url":"https:\/\/plateaulachaud.fr\/","name":"Pr\u00e9servons le plateau de Lachaud et Ch\u00e2teaugay","description":"Non \u00e0 une nouvelle carri\u00e8re.","publisher":{"@id":"https:\/\/plateaulachaud.fr\/#organization"},"potentialAction":[{"@type":"SearchAction","target":{"@type":"EntryPoint","urlTemplate":"https:\/\/plateaulachaud.fr\/?s={search_term_string}"},"query-input":{"@type":"PropertyValueSpecification","valueRequired":true,"valueName":"search_term_string"}}],"inLanguage":"fr-FR"},{"@type":"Organization","@id":"https:\/\/plateaulachaud.fr\/#organization","name":"Pr\u00e9servons le Plateau de Lachaud et Ch\u00e2teaugay","url":"https:\/\/plateaulachaud.fr\/","logo":{"@type":"ImageObject","inLanguage":"fr-FR","@id":"https:\/\/plateaulachaud.fr\/#\/schema\/logo\/image\/","url":"https:\/\/i2.wp.com\/plateaulachaud.fr\/wp-content\/uploads\/2019\/09\/Plateau-arc-en-ciel-PANO.jpg?fit=6235%2C1606&ssl=1","contentUrl":"https:\/\/i2.wp.com\/plateaulachaud.fr\/wp-content\/uploads\/2019\/09\/Plateau-arc-en-ciel-PANO.jpg?fit=6235%2C1606&ssl=1","width":6235,"height":1606,"caption":"Pr\u00e9servons le Plateau de Lachaud et Ch\u00e2teaugay"},"image":{"@id":"https:\/\/plateaulachaud.fr\/#\/schema\/logo\/image\/"}}]}},"jetpack_sharing_enabled":true,"_links":{"self":[{"href":"https:\/\/plateaulachaud.fr\/index.php\/wp-json\/wp\/v2\/pages\/2","targetHints":{"allow":["GET"]}}],"collection":[{"href":"https:\/\/plateaulachaud.fr\/index.php\/wp-json\/wp\/v2\/pages"}],"about":[{"href":"https:\/\/plateaulachaud.fr\/index.php\/wp-json\/wp\/v2\/types\/page"}],"author":[{"embeddable":true,"href":"https:\/\/plateaulachaud.fr\/index.php\/wp-json\/wp\/v2\/users\/1"}],"replies":[{"embeddable":true,"href":"https:\/\/plateaulachaud.fr\/index.php\/wp-json\/wp\/v2\/comments?post=2"}],"version-history":[{"count":8,"href":"https:\/\/plateaulachaud.fr\/index.php\/wp-json\/wp\/v2\/pages\/2\/revisions"}],"predecessor-version":[{"id":196,"href":"https:\/\/plateaulachaud.fr\/index.php\/wp-json\/wp\/v2\/pages\/2\/revisions\/196"}],"wp:featuredmedia":[{"embeddable":true,"href":"https:\/\/plateaulachaud.fr\/index.php\/wp-json\/wp\/v2\/media\/14"}],"wp:attachment":[{"href":"https:\/\/plateaulachaud.fr\/index.php\/wp-json\/wp\/v2\/media?parent=2"}],"curies":[{"name":"wp","href":"https:\/\/api.w.org\/{rel}","templated":true}]}}